 base 11
40
Convert -63 (base 7) to base 3.
-1200
What is -100111 (base 2) in base 11?
-36
-21 (base 13) to base 12
-23
Convert 122 (base 4) to base 8.
32
Convert -165 (base 8) to base 2.
-1110101
-1110 (base 2) to base 9
-15
Convert 6 (base 10) to base 6.
10
Convert -27 (base 9) to base 15.
-1a
-4 (base 10) to base 6
-4
What is 0 (base 15) in base 2?
0
Convert -130 (base 6) to base 11.
-4a
What is 4 (base 8) in base 12?
4
Convert -1000100 (base 2) to base 16.
-44
Convert 0 (base 6) to base 11.
0
4 (base 6) to base 9
4
Convert 4 (base 8) to base 12.
4
Convert -3 (base 9) to base 16.
-3
Convert 98 (base 14) to base 10.
134
Convert 104 (base 13) to base 16.
ad
What is 0 (base 2) in base 6?
0
-334 (base 6) to base 5
-1010
45 (base 6) to base 7
41
What is -1 (base 15) in base 5?
-1
What is 18 (base 9) in base 10?
17
Convert 2 (base 11) to base 12.
2
What is 16 (base 11) in base 9?
18
What is -3 (base 16) in base 2?
-11
-3014 (base 5) to base 9
-466
80 (base 16) to base 13
9b
23 (base 9) to base 15
16
Convert -5 (base 12) to base 4.
-11
-5a (base 12) to base 13
-55
-a (base 11) to base 15
-a
What is -102022 (base 3) in base 8?
-461
What is -11110 (base 3) in base 16?
-78
0 (base 9) to base 10
0
-15 (base 11) to base 2
-10000
What is -22 (base 11) in base 9?
-26
What is 61 (base 13) in base 2?
1001111
-1121 (base 3) to base 7
-61
Convert -7 (base 12) to base 2.
-111
133 (base 7) to base 16
49
Convert 1 (base 16) to base 6.
1
Convert 17 (base 8) to base 2.
1111
-6 (base 10) to base 3
-20
Convert 1301 (base 4) to base 13.
89
What is 6c (base 14) in base 3?
10120
What is 141 (base 6) in base 16?
3d
Convert 212 (base 4) to base 14.
2a
Convert -11 (base 15) to base 6.
-24
Convert 13 (base 11) to base 10.
14
What is -3 (base 12) in base 10?
-3
13 (base 5) to base 10
8
What is 12 (base 14) in base 4?
100
3 (base 13) to base 7
3
Convert -18 (base 15) to base 8.
-27
-1110 (base 2) to base 15
-e
What is -18 (base 14) in base 8?
-26
Convert 1011 (base 2) to base 15.
b
2102 (base 3) to base 11
5a
What is -d (base 15) in base 2?
-1101
2 (base 13) to base 4
2
-57 (base 12) to base 15
-47
Convert 96 (base 15) to base 13.
ab
48 (base 14) to base 7
121
What is 11021 (base 3) in base 13?
8b
What is -2 (base 14) in base 13?
-2
What is -3 (base 6) in base 14?
-3
What is 14a (base 11) in base 7?
340
Convert -14 (base 6) to base 8.
-12
What is 3 (base 10) in base 3?
10
Convert -101 (base 2) to base 10.
-5
3 (base 13) to base 4
3
-7b (base 15) to base 7
-224
What is -4 (base 9) in base 12?
-4
What is -14 (base 9) in base 3?
-111
Convert -1 (base 9) to base 2.
-1
What is -23 (base 15) in base 7?
-45
-110 (base 4) to base 12
-18
Convert -e (base 16) to base 4.
-32
Convert 50 (base 15) to base 10.
75
24 (base 7) to base 8
22
Convert -34 (base 7) to base 11.
-23
3 (base 8) to base 13
3
What is -26 (base 15) in base 16?
-24
-1 (base 15) to base 3
-1
211 (base 3) to base 16
16
What is -130 (base 8) in base 9?
-107
Convert 5 (base 6) to base 15.
5
What is -4 (base 14) in base 11?
-4
What is -27 (base 11) in base 12?
-25
Convert -5 (base 15) to base 12.
-5
-2 (base 12) to base 6
-2
What is -11 (base 13) in base 4?
-32
What is -1012 (base 3) in base 13?
-26
Convert 0 (base 10) to base 16.
0
Convert 2 (base 7) to base 16.
2
-152 (base 8) to base 11
-97
Convert -9 (base 12) to base 4.
-21
11 (base 8) to base 5
14
Convert 2 (base 4) to base 8.
2
12 (base 6) to base 16
8
0 (base 7) to base 2
0
Convert -41 (base 5) to base 3.
-210
-1 (base 3) to base 15
-1
-2 (base 4) to base 11
-2
1 (base 5) to base 15
1
Convert 1 (base 8) to base 7.
1
3 (base 15) to base 9
3
Convert 26 (base 9) to base 2.
11000
What is -2 (base 5) in base 14?
-2
3 (base 8) to base 10
3
What is 2a0 (base 11) in base 7?
1012
Convert -1 (base 5) to base 16.
-1
-1 (base 4) to base 11
-1
2 (base 10) to base 9
2
What is 12 (base 11) in base 3?
111
-23 (base 9) to base 12
-19
Convert -1 (base 4) to base 5.
-1
-63 (base 11) to base 9
-76
Convert 1 (base 11) to base 12.
1
What is 13 (base 13) in base 9?
17
What is 116 (base 8) in base 6?
210
Convert -5 (base 6) to base 7.
-5
What is 9 (base 12) in base 10?
9
What is -9 (base 11) in base 16?
-9
-1120 (base 3) to base 13
-33
3 (base 12) to base 5
3
Convert 3 (base 13) to base 16.
3
Convert -66 (base 11) to base 12.
-60
-103 (base 5) to base 4
-130
-10 (base 10) to base 9
-11
Convert 5 (base 7) to base 5.
10
What is 36 (base 7) in base 10?
27
Convert -6 (base 12) to base 14.
-6
Convert 100000 (base 2) to base 10.
32
Convert 11 (base 4) to base 7.
5
-13 (base 5) to base 6
-12
Convert -100 (base 2) to base 15.
-4
4 (base 11) to base 8
4
-5 (base 11) to base 5
-10
Convert 1 (base 5) to base 2.
1
-a (base 16) to base 15
-a
-10 (base 12) to base 13
-c
0 (base 4) to base 2
0
Convert 23 (base 7) to base 8.
21
What is 3 (base 13) in base 15?
3
Convert -202 (base 3) to base 16.
-14
-fc (base 16) to base 15
-11c
What is 66 (base 10) in base 11?
60
What is 2 (base 7) in base 12?
2
-13 (base 16) to base 3
-201
Convert 24 (base 11) to base 4.
122
Convert -1 (base 10) to base 2.
-1
What is 2 (base 12) in base 2?
10
1 (base 15) to base 9
1
Convert 16 (base 16) to base 9.
24
Convert -110 (base 6) to base 12.
-36
What is 1 (base 6) in base 14?
1
Convert -24 (base 6) to base 16.
-10
What is -2 (base 4) in base 5?
-2
What is -22 (base 3) in base 14?
-8
What is 2 (base 11) in base 13?
2
What is 42 (base 10) in base 16?
2a
Convert 77 (base 11) to base 16.
54
3 (base 8) to base 11
3
Convert 26 (base 13) to base 15.
22
Convert -101 (base 4) to base 14.
-13
What is 102 (base 3) in base 6?
15
Convert -1 (base 5) to base 15.
-1
What is -3 (base 12) in base 16?
-3
Convert 1 (base 6) to base 10.
1
What is c (base 13) in base 8?
14
46 (base 9) to base 2
101010
Convert -a0 (base 11) to base 2.
-1101110
1213 (base 4) to base 2
1100111
Convert 29 (base 12) to base 3.
1020
What is 56 (base 14) in base 16?
4c
-323 (base 7) to base 2
-10100100
17 (base 12) to base 7
25
-21 (base 7) to base 10
-15
-100 (base 2) to base 13
-4
Convert -31 (base 6) to base 3.
-201
Convert -2 (base 3) to base 13.
-2
-2 (base 15) to base 11
-2
What is -e (base 16) in base 15?
-e
-12 (base 4) to base 9
-6
3b (base 13) to base 10
50
156 (base 11) to base 10
182
Convert -15 (base 14) to base 7.
-25
What is -143 (base 5) in base 15?
-33
1 (base 5) to base 3
1
What is b (base 15) in base 8?
13
What is -159 (base 10) in base 2?
-10011111
3 (base 10) to base 2
11
What is 403 (base 5) in base 16?
67
What is 10 (base 5) in base 7?
5
What is 10110 (base 3) in base 13?
72
Convert 1 (base 7) to base 14.
1
Convert -67 (base 14) to base 10.
-91
-9 (base 16) to base 12
-9
Convert -20 (base 9) to base 5.
-33
Convert -412 (base 6) to base 8.
-230
What is 1 (base 13) in base 11?
1
1202 (base 3) to base 2
101111
-2 (base 10) to base 11
-2
222 (base 8) to base 7
266
-1 (base 3) to base 4
-1
Convert 111000 (base 2) to base 3.
2002
Convert 32 (base 5) to base 16.
11
What is 1100 (base 2) in base 11?
11
-b (base 14) to base 5
-21
-1001000 (base 2) to base 9
-80
What is 1 (base 13) in base 12?
1
-11 (base 7) to base 16
-8
2 (base 12) to base 8
2
What is 3 (base 16) in base 8?
3
-3 (base 9) to base 6
-3
3 (base 8) to base 3
10
Convert 2 (base 13) to base 11.
2
What is -76 (base 13) in base 12?
-81
What is -2 (base 12) in base 13?
-2
What is 4 (base 10) in base 7?
4
Convert 2101 (base 3) to base 10.
64
a2 (base 11) to base 16
70
-210 (base 3) to base 13
-18
What is -8 (base 14) in base 12?
-8
-1034 (base 5) to base 6
-400
What is 0 (base 16) in base 13?
0
Convert 17 (base 9) to base 2.
10000
What is 1d (base 16) in base 14?
21
Convert 1300 (base 4) to base 14.
80
What is 210 (base 9) in base 4?
2223
-187 (base 10) to base 15
-c7
Convert -5 (base 7) to base 6.
-5
2 (base 12) to base 13
2
-f (base 16) to base 12
-13
What is -34 (base 11) in base 16?
-25
Convert b (base 12) to base 8.
13
-140 (base 5) to base 7
-63
What is -203 (base 7) in base 8?
-145
What is 112 (base 5) in base 9?
35
3 (base 10) to base 14
3
Convert -1 (base 16) to base 6.
-1
Convert 0 (base 5) to base 4.
0
Convert 2 (base 3) to base 14.
2
Convert -22 (base 3) to base 12.
-8
What is -31 (base 6) in base 14?
-15
-10 (base 2) to base 14
-2
-110 (base 6) to base 16
-2a
-24 (base 12) to base 4